t i(w) = 5*w + 4. Determine i(s).
-11
Let j(x) = -x**3 + 3*x - 1. Let v(d) = 3*d**3 + 5*d**2 - 19*d + 8. Let u(r) = 4*j(r) + v(r). Calculate u(3).
1
Let y(c) = 1216 + 18*c - 603 - 606. What is y(-2)?
-29
Let x(r) = -122*r**2 - 10*r - 82 - 591*r**2 + 714*r**2. Calculate x(-6).
14
Let t(d) = 4*d**3 + 13*d**2 - 9*d + 14. Let s(l) = -9*l**3 - 25*l**2 + 16*l - 23. Let w(g) = -3*s(g) - 7*t(g). Determine w(-17).
5
Let o(z) = -14 - 7*z**3 + 24*z - 194*z**2 + 220*z**2 + 8*z**3. Determine o(-25).
11
Suppose 0 = 2*q - 15 - 17. Suppose p + 3*p = q. Suppose 0 = v - 0*v - u + 3, -p*v - 3*u + 23 = 0. Let h(l) = -l**2 - l - 2. Give h(v).
-8
Let a(v) = -v**2 + 3*v + 2. Let c be a(3). Let w(f) = -52 - 9*f**c - 43 + 95. Suppose -2*q - z = -7, -5*z + 4 = -21. Determine w(q).
-9
Let w(m) be the third derivative of 0*m + 1/120*m**6 - 8*m**2 - 1/4*m**4 - 1/15*m**5 + 0 - 1/2*m**3. What is w(5)?
-8
Let u(n) = -n**3 + 9*n**2 - 13*n + 12. Let m be ((-17)/(-85))/1*40. Determine u(m).
-28
Let l = 430 - 765. Let a = 328 + l. Let f(m) = -m**2 - 7*m + 6. Determine f(a).
6
Let d(i) = i**3 - 2*i**2 + 4*i + 17. Let n(p) = -p**3 + 3*p**2 - 5*p - 16. Suppose o + x - 17 = -10, 0 = 4*x - 16. Let r(w) = o*n(w) + 4*d(w). Calculate r(0).
20
Let g(o) = o + 22. Let t be g(-10). Suppose -8*x = -t*x + 8. Let n(j) = 2 - 1 + 5*j - j + x*j - j**2. Calculate n(8).
-15
Let m(g) = 11*g + 1. Let u(b) = -b**2 + 9*b - 5. Let f be u(4). Suppose 0 = 2*l + 5 - f. Suppose w + 4*s - 19 = 0, -w - l*s = -2*w - 26. Determine m(w).
-10
Let k = 12765 - 12779. Let t(x) = -7*x - 70. Determine t(k).
28
Let x(t) be the second derivative of -t**5/20 + 3*t**4/2 + 10*t**3/3 - 13*t**2/2 + 593*t. Give x(19).
6
Let x(k) = k**3 - 17*k**2 - 6*k + 2. Let w(j) = 7*j**2 - 416*j + 597. Let z be w(58). Calculate x(z).
-100
Let l(r) = r**3. Let a(h) = 3*h**3 + 4*h**2 + 4*h - 1. Let v(q) = a(q) - 2*l(q). Let m be 51/68 + (-45)/12. Give v(m).
-4
Let z(r) = 2*r - 5 - 6*r - 5*r - 8 + r**2. Suppose 4*t - 908 = -4*o, -o - 3*t + 126 = -93. Suppose -i = -22*i + o. Calculate z(i).
9
Let v(l) be the first derivative of -l**3/3 - 5*l**2 + 48*l + 4177. What is v(4)?
-8
Let y(z) = 2*z - 16. Suppose 19*i - 22*i = 3*t - 75, -i - 3*t = -35. Determine y(i).
24
Let u(r) = -7*r**2 + 10*r + 5. Suppose 18*n - 14*n + 2*p = 10, 5 = -2*n - 3*p. Let q(v) = -11*v**2 + 15*v + 7. Let w(b) = n*q(b) - 8*u(b). What is w(-4)?
31
Let q(w) = -2*w**2 + 5*w + 8. Let f(n) = 3*n**2 + 48*n + 43. Let b be f(-15). What is q(b)?
-10
Let n(t) = -2 + t + 1 + 5 + 0. Let l be (6/5)/((252/(-2360))/(-21)). Let o = l + -241. Calculate n(o).
-1
Let w be 1/(1/(-16)*-4). Suppose 2*m + 4*f = 0, 0 = -w*m - 2*f - 0*f - 30. Let s = m + 8. Let g(t) = -t**3 - 2*t**2 - t - 2. Give g(s).
0
Let z(m) be the third derivative of m**4/4 - 4*m**3/3 - 217*m**2 - 2*m. Give z(-4).
-32
Let w(m) = m**3 + 13*m**2 - 29*m + 13. Let h(l) = -302*l + 44. Let f be h(2). Let y = f + 545. Calculate w(y).
-2
Let q(l) = 13*l**2 + 10. Let j(h) = -37*h**2 - h - 29. Let g(r) = -6*j(r) - 17*q(r). Suppose 4*k + 1 = 5*d - 29, 0 = -k + 5*d - 15. Determine g(k).
-1
Let u(o) = 1 + 0*o + 5*o - 8*o. Let s be 7/(-2)*(-390)/273. Give u(s).
-14
Let m(i) = -24*i - 4 + 0*i**2 - 5*i**2 - 11 + 6*i**2 - 9. Let n be m(25). Let h(j) = 4*j**3 - 2*j**2 + 2*j - 1. What is h(n)?
3
Let c = 72 - 42. Suppose -x - 19 = -4*v, 3*v + 4*x - c = 8. Let u(w) be the second derivative of -w**4/12 + 5*w**3/6 - 5*w**2/2 + 58*w + 8. Determine u(v).
-11
Let a = 32 + -22. Let r(i) = -13*i**3 + 31*i**2 + 17*i + 22. Let u(j) = 7*j**3 - 16*j**2 - 9*j - 12. Let c(z) = -6*r(z) - 11*u(z). Calculate c(a).
-30
Let j(a) = -256*a - 261*a + 17 + 525*a. What is j(-10)?
-63
Let t = -27 - 1. Let c(h) = -h**3 - 29*h**2 - 29*h - 25. Let r be c(t). Let y(x) = -2*x - 19 - 13 + r*x + 25. Determine y(-6).
-13
Let c(y) = 137*y + 2208. Let p be c(-16). Let w(z) = 5*z - 20. Give w(p).
60
Let k(i) = -18*i + 90. Let f(g) = -g**2 + 18*g - 51. Let r be f(14). Let w be k(r). Let v(l) = l - 19. Give v(w).
-19
Let c(g) = 8*g + 72. Let v be c(-8). Let n be 3/v*-4 - 2/(-4). Let a(x) = -4*x**2 + x + 1. Calculate a(n).
-4
Let t(d) = 54 + d**2 - 67 + 4 + 1 + 5 + 41*d - 43*d. Suppose 1 = g - 1. Calculate t(g).
-3
Suppose -16 + 17 = -6*u + 13. Let x(c) = 7*c**2 - 22*c + 20. Calculate x(u).
4
Let k(r) = 3*r**2 - 21*r + 4. Let d be k(6). Suppose -9 = -t + 12. Let u = t + d. Let q(m) = m - 7. Give q(u).
0
Let j(w) = -9*w - 14. Let d be -2 + (-47)/6 - 15*12/1080. Determine j(d).
76
Let g(n) = -8*n - 6. Let r(b) = 7*b**2 + 7*b + 11. Let i(j) = -15*j**2 - 14*j - 23. Let o(u) = -6*i(u) - 13*r(u). Let f(p) = 2*g(p) - 3*o(p). What is f(-3)?
15
Let g = 5008 + -4985. Let n(q) = q**3 - 23*q**2 - q + 25. What is n(g)?
2
Let k(d) = -d**2 - 3*d + 5. Let l be k(-5). Let f(w) = 25*w**2 + 1 - 20*w**2 + 4*w + 0 + 8*w**2 - 12*w**2 + 2. Calculate f(l).
8
Suppose -3*w - 51 = 3*b, -2*w = 9*b + 23 + 11. Let f(q) = -q**3 - 15*q**2 + 36*q + 35. Calculate f(w).
1
Let s(l) = -l**2. Suppose -210*n - 48 = -48. Calculate s(n).
0
Let q(u) = 17 + u**2 - 9*u - 47 + 24 + 21 + 4. What is q(4)?
-1
Suppose -4*h + 3*h - 2 = -z, z = -h + 2. Suppose -l + 1 = z*y + 6, 35 = 4*l - 3*y. Let o(d) = 2*d + 3 + 5 - l - d**2. What is o(-2)?
-5
Let k(r) be the first derivative of -13*r**2/2 + 2*r + 2959. What is k(7)?
-89
Let r(t) = 3*t + 1. Suppose 28 = 6*b - 2. Suppose 0 = -2*w + 5*a + 39, -b*w = 2*a - 80 - 3. Suppose -12*v - 5 = -w*v. Give r(v).
4
Let q(u) = u**3 + 4*u**2 + 2*u + 4. Let p be q(5). Suppose r = -2*n - 42, -83 = -4*r + 4*n - p. Let d = r - -38. Let g(b) = -2*b + 2. Calculate g(d).
6
Let s(q) = -7*q**3 - 2159 + 2160 - 4*q**3 + 8*q**3 + 23*q**2 + q**2. Determine s(8).
1
Let f(u) = -u**3 + 25*u**2 + 55*u - 12. Let l(q) = -13*q**2 + 137*q - 43. Let n be l(10). Calculate f(n).
15
Let g(v) be the third derivative of 0*v + 0 + 1/24*v**4 - 1/60*v**5 - 1/2*v**3 + 75*v**2. Let p = 0 - 0. Give g(p).
-3
Suppose -4*m - 93*b + 14 = -94*b, 0 = -4*m + 3*b + 18. Let s(y) be the third derivative of y**5/60 - 5*y**4/24 + y**3/2 - 6*y**2. Calculate s(m).
-3
Let s(a) be the second derivative of a**4/3 - a**3/3 + 15*a**2/2 - 422*a - 3. Calculate s(5).
105
Let f(c) = 20. Let t(g) = g - 18. Let p(j) = 2*f(j) + 3*t(j). Calculate p(22).
52
Let a(i) = -8949 - 2*i**2 - 3*i**2 - 5*i**2 + 8956 + 9*i**2 + 8*i. Calculate a(8).
7
Suppose -38 = -3*t - 17. Let d = 4 - t. Let a(x) = -x**2 - 5*x - 3. What is a(d)?
3
Let n(p) = -p**2 - 2*p + 2. Let x = -36 + 22. Let d = 1 + x. Let w be (-12)/78 - (-50)/d. Calculate n(w).
-6
Let t(y) be the second derivative of 7*y**3/3 + y**2/2 - 17*y. Let d be ((-3)/((-6)/(-4)))/(84/(-42)). What is t(d)?
15
Let w(u) be the first derivative of u**4/4 + 4*u**3 - 5*u**2/2 - 7*u - 1139. Give w(-12).
53
Suppose 81 = -32*p + 79 - 478. Let m(v) = -v**2 - 7*v + 23. Determine m(p).
-97
Let l(o) be the second derivative of 1/20*o**5 - 1/6*o**3 - 8 + 1/12*o**4 - 6*o - 3/2*o**2. Determine l(0).
-3
Let p(u) be the second derivative of 0 + 2*u - 5/6*u**3 - 1/2*u**2. Let m = 5 - 6. Give p(m).
4
Let c(z) = z**3 - 55*z**2 - 33*z - 45*z**2 + 167*z**2 + 4 + 8*z - 44*z**2. What is c(-24)?
28
Let v(j) be the third derivative of j**4/4 + 19*j**3/6 - 6*j**2 + 15*j. Let m be v(-4). Let t(a) = a**3 + 4*a**2 - 3*a - 2. Calculate t(m).
-12
Let f(t) = t**2 + 8*t - 8. Let d be f(-7). Let s = d - -11. Let b(n) = 75*n - 140. Let r(u) = 64*u - 120. Let g(a) = 6*b(a) - 7*r(a). Calculate g(s).
-8
Suppose 148*m - 2*u = 146*m - 16, 4*m = -4*u + 32. Let w(f) = 20*f. Calculate w(m).
0
Let h(f) = f**2 + 1291*f + 17 + 1286*f - 2586*f. Give h(7).
3
Let c(g) = -g**3 + 8*g**2 - 5*g - 6. Suppose 0 = 23*d - 15*d - 488. Suppose d*z - 182 = 35*z. Give c(z).
8
Let c(u) = -2*u**2 - 11*u + 11. Let o be c(-6). Suppose -o*t = -17 + 7. Suppose 2*v + q = v - t, 4*q + 9 = -3*v. Let h(k) = 5*k**2 - k. Calculate h(v).
4
Let j(t) = t - 1. Let q(c) = 6*c + 6. Let v be q(-1). Let o(d) = -672 - 2*d + 675 + v*d. Let a(y) = 6*j(y) + o(y). Give a(-3).
-15
Let f(r) = 5*r + 2804 - 5513 + 2724. What is f(0)?
15
Let b(l) = l + 17. Suppose 0 = -249*t + 244*t + 1930. Suppose t = q + 397. Determine b(q).
6
Let a be -5 + 11 + 24/(-2 - 2). Suppose j - b + 11 = -5*b, -2*j - b - 8 = a. Let p(w) = 6 - 5*w - 6. Give p(j).
15
Let h(v) = 8*v**3 - 55*v**2 - 3*v - 116. Let z(b) = -13*b**3 + 83